85149065789 a composite number?
False
Is 5711068037 composite?
True
Is 18641495851 prime?
False
Is 38532106061 a prime number?
True
Is 960450493 prime?
True
Is 1605641711 composite?
True
Is 15073673809 a prime number?
False
Is 102697576583 a prime number?
False
Is 85437077603 a prime number?
True
Is 97539127793 composite?
False
Is 126526984007 a prime number?
True
Is 463660345 a prime number?
False
Is 106963057109 a composite number?
True
Is 17339551417 composite?
False
Is 1378358537 composite?
False
Is 18394272553 a prime number?
True
Is 289953659 composite?
False
Is 573443837 prime?
True
Is 53974926017 a prime number?
True
Is 53224449 composite?
True
Is 18384226811 a prime number?
False
Is 6268476107 composite?
True
Is 4104268921 prime?
False
Is 17248349791 a composite number?
False
Is 134676151 a prime number?
True
Is 11638439 a prime number?
True
Is 7206843271 prime?
False
Is 24799165991 prime?
True
Is 36099001087 a prime number?
False
Is 1898083633 a composite number?
False
Is 564673919 a composite number?
False
Is 18000470959 prime?
True
Is 13870591179 prime?
False
Is 29253340531 composite?
True
Is 791182759 a composite number?
True
Is 7022493691 prime?
False
Is 49915080731 a prime number?
False
Is 4543880171 composite?
False
Is 2404685209 prime?
False
Is 26367629209 a composite number?
False
Is 41667626285 prime?
False
Is 903929449 a prime number?
False
Is 8167988155 a composite number?
True
Is 1519707821 a composite number?
False
Is 4800174547 a prime number?
False
Is 134716591 a composite number?
False
Is 34511461373 prime?
True
Is 29096157017 a composite number?
True
Is 135273812437 composite?
False
Is 95793098857 a composite number?
False
Is 2138333807 composite?
False
Is 11002395617 composite?
False
Is 16548875627 composite?
True
Is 15014711357 prime?
True
Is 1011093269 prime?
True
Is 235913537 composite?
True
Is 54195248171 prime?
False
Is 348628660789 prime?
False
Is 1125304537 composite?
True
Is 3044347 composite?
False
Is 25714721 prime?
False
Is 21962464487 a composite number?
False
Is 74318743 prime?
True
Is 123409903 composite?
True
Is 27216649601 a prime number?
False
Is 194091199 a prime number?
True
Is 13190113813 composite?
True
Is 77373983 a composite number?
False
Is 8945148089 a composite number?
False
Is 59060410009 composite?
False
Is 52288267879 a prime number?
False
Is 10506599839 prime?
False
Is 11393604746 prime?
False
Is 291212411999 composite?
False
Is 906737539 a composite number?
False
Is 261882342703 composite?
False
Is 689352331 prime?
True
Is 1308344681 prime?
False
Is 2978421911 a prime number?
True
Is 8171632463 prime?
False
Is 732063847 prime?
True
Is 12279544799 a composite number?
False
Is 3939069427 prime?
False
Is 43102441 a prime number?
True
Is 2442920447 a prime number?
False
Is 8603143 a prime number?
False
Is 4228509577 prime?
False
Is 12417389071 a composite number?
False
Is 80975086 a prime number?
False
Is 19025537439 a composite number?
True
Is 40878033737 prime?
False
Is 2612354449 a prime number?
True
Is 1846825711 prime?
False
Is 484081303 composite?
False
Is 1930462141 a prime number?
True
Is 961902743 a prime number?
True
Is 176215717 composite?
False
Is 945901227 prime?
False
Is 31881137621 a composite number?
False
Is 1101881663 a composite number?
False
Is 418594919 composite?
False
Is 1248870781 a composite number?
True
Is 2157759089 prime?
False
Is 8378542891 a prime number?
False
Is 239394405743 a prime number?
True
Is 3295694737 composite?
True
Is 6355692671 a composite number?
False
Is 5631772513 composite?
False
Is 819408299 a prime number?
True
Is 185499802831 a prime number?
False
Is 1041334247 composite?
True
Is 586360909 prime?
True
Is 2736493967 composite?
False
Is 6486713897 composite?
True
Is 68401654 a composite number?
True
Is 2804865274 a composite number?
True
Is 4169243171 a prime number?
True
Is 4201635787 a composite number?
False
Is 2794365155 prime?
False
Is 87065124073 a prime number?
False
Is 5287595429 prime?
True
Is 6499893493 prime?
True
Is 9918840181 composite?
True
Is 35635094387 a composite number?
True
Is 41041666441 prime?
False
Is 6202397581 a composite number?
False
Is 2537576059 a composite number?
True
Is 164249273 a prime number?
False
Is 378001006 prime?
False
Is 170523573719 a composite number?
True
Is 741600907 composite?
True
Is 1725150653 composite?
False
Is 881972459 a prime number?
False
Is 69777382099 a prime number?
True
Is 691075499 composite?
False
Is 1642004171 a composite number?
False
Is 833943599 a prime number?
False
Is 6123294337 composite?
True
Is 279077849 a composite number?
True
Is 1426617989 composite?
True
Is 5311223153 a prime number?
True
Is 2100883943 a composite number?
True
Is 8986171 a composite number?
True
Is 1191191047 composite?
False
Is 22759573 prime?
True
Is 64063510883 composite?
True
Is 3164377197 a composite number?
True
Is 259680184919 a composite number?
False
Is 2574275321 prime?
True
Is 46602237713 prime?
True
Is 96395479 prime?
True
Is 638594569 composite?
False
Is 1786372849 a composite number?
False
Is 11937976415 a composite number?
True
Is 177658477 a composite number?
False
Is 11505373169 a prime number?
False
Is 3851490037 a prime number?
True
Is 14876511563 composite?
True
Is 105854922817 a prime number?
False
Is 22644890231 prime?
True
Is 14270085899 a prime number?
False
Is 625812623 prime?
True
Is 2624003687 composite?
True
Is 1831480971 composite?
True
Is 2180238247 composite?
True
Is 908661683 a composite number?
False
Is 1425712649 a composite number?
False
Is 5484811831 prime?
True
Is 1899836381 a prime number?
True
Is 510330857 a composite number?
False
Is 2815780577 prime?
False
Is 50134639697 composite?
False
Is 15323306959 composite?
False
Is 2635496267 a prime number?
True
Is 9924089 a prime number?
False
Is 518363689 composite?
False
Is 1094257051 composite?
False
Is 218568877 a prime number?
True
Is 210450372967 composite?
True
Is 256237057 a composite number?
False
Is 97895343581 prime?
False
Is 862951457 composite?
False
Is 224751343 composite?
False
Is 719377679 composite?
False
Is 210568019 prime?
False
Is 482493521 prime?
True
Is 1862484971 a prime number?
True
Is 78402971 a prime number?
True
Is 22313782399 prime?
False
Is 2081464046 composite?
True
Is 3770089313 a prime number?
True
Is 17725015135 a prime number?
False
Is 277336721 a composite number?
True
Is 52707282685 a composite number?
True
Is 118367639983 a composite number?
True
Is 12289657991 composite?
True
Is 56880918857 a prime number?
False
Is 5714776759 a prime number?
False
Is 3034038019 a composite number?
True
Is 11155230761 prime?
True
Is 1136270117 a prime number?
False
Is 49671482213 composite?
True
Is 2284793309 a composite number?
False
Is 433348259 a prime number?
False
Is 1039777901 prime?
True
Is 304225601 prime?
False
Is 16826477537 prime?
True
Is 82042792051 prime?
False
Is 1009919951 prime?
True
Is 12647239673 composite?
False
Is 549653243 a composite number?
False
Is 775227169 a prime number?
True
Is 3327125677 a prime number?
False
Is 765270901 composite?
True
Is 877067747 composite?
False
Is 3512292941 prime?
True
Is 8556767 composite?
True
Is 134226637 a prime number?
False
Is 15280537 a prime number?
True
Is 1078950557 a prime number?
False
Is 1893648137 composite?
False
Is 2453367163 a prime number?
False
Is 793422263 composite?
False
Is 2762414705 a composite number?
True
Is 299552543 a composite number?
True
Is 25517432929 a prime number?
True
Is 388583677 a prime number?
True
Is 13688751541 a prime number?
True
Is 13363672279 composite?
True
Is 2694207869 composite?
False
Is 1861820509 composite?
False
Is 1737521869 a composite number?
True
Is 9914426933 prime?
True
Is 1327674617 a composite number?
True
Is 773583871 composite?
False
Is 397001639 prime?
True
Is 1165650587 prime?
True
Is 2443050143 prime?
False
Is 1843861991 composite?
True
Is 2287865303 a prime number?
False
Is 57924751163 prime?
False
Is 866128811 a prime number?
False
Is 135906481 a prime number?
False
Is 10144802299 composite?
False
Is 294603061 a composite number?
False
Is 8448496151 a prime number?
False
Is 78827853037 a prime number?
False
Is 3207161863 a composite number?
False
Is 3689393755 composite?
True
Is 